 = 96 + -84. Calculate the remainder when u is divided by p(-1).
5
Let w be 22*(-1)/(3 - 1). Let g = 6 - w. Suppose 2*z - 104 + 4 = 0. What is the remainder when z is divided by g?
16
Suppose -7*m + 111 = 27. What is the remainder when m is divided by 7?
5
Suppose 188 = 3*d + 11. What is the remainder when d is divided by 30?
29
Suppose -k + 2 = -22. Calculate the remainder when 69 is divided by k.
21
Suppose 3*m = -2*m - 25. Let q(h) = h**3 + 4*h**2 - 6*h + 1. Let v = 0 - -23. Calculate the remainder when v is divided by q(m).
5
Suppose 3*d = 0, -f - 6*d + 6 = -3*d. Suppose -10 = -3*p - a + f, p + 3*a + 8 = 0. What is the remainder when 18 is divided by p?
4
Let q be (-117)/(-15) + (-1)/(-5). Suppose -d - 23 = q*h - 3*h, 4*d - 2*h = 18. Calculate the remainder when 4 is divided by d.
0
Let g(p) = -p**2 + 13*p - 9. Let a be g(12). Suppose 1 - 40 = a*f. Let v = 31 + f. Calculate the remainder when 35 is divided by v.
17
Suppose 46 + 22 = o. What is the remainder when o is divided by 8?
4
Let c(w) = 6*w**2 - 2*w - 2. Let f be c(2). Suppose -2*d = 4*n - f, 4*n + n = 2*d. What is the remainder when d is divided by 3?
2
Suppose 4*z + 160 = -0*z. Let h be (-5)/20 - (-188)/(-16). Let p = h - z. Calculate the remainder when p is divided by 10.
8
Suppose 4*z - 3*k + 2*k - 157 = 0, 0 = 2*z - 3*k - 71. What is the remainder when z is divided by 11?
7
Let d be 2/(-4) - 1/2. What is the remainder when 47 is divided by (32/(-20))/(d/15)?
23
Let v(u) = -u**3 - 7*u**2 - 10*u - 14. What is the remainder when 19 is divided by v(-6)?
9
Let w = -5 + 15. Suppose 4*f - 5*f + 3 = 0. Let b(v) = 9*v + 2. What is the remainder when b(f) is divided by w?
9
Let z(i) = 2*i - 7. Let c be z(-8). Let t = 48 + c. What is the remainder when t is divided by 9?
7
Let p(b) be the second derivative of b**4/12 + b**3/6 + 3*b**2/2 - b. Let k = 10 + -15. What is the remainder when p(k) is divided by 8?
7
Suppose -3*s = -2*i - 0 - 3, 15 = 3*s. Let u = 30 + -16. What is the remainder when u + (1 + 0)*1 is divided by i?
3
Suppose -126 = -84*j + 78*j. What is the remainder when 103 is divided by j?
19
Let q(a) = a**3 + 7*a**2 - 8*a + 3. Let z be q(-8). Suppose -2*i - 5*o + 13 + 1 = 0, z*o = -3*i + 21. What is the remainder when 26 is divided by i?
5
Let n(p) = p**3 + 4*p**2 - 5*p + 2. What is the remainder when n(-4) is divided by 6?
4
Suppose 3*y - 4*q = 73 + 148, 152 = 2*y + 2*q. What is the remainder when y is divided by 13?
10
Let b = -7 - -11. Suppose b*h + 2*c = 36, -3*h = -6*c + 3*c - 18. Let f = -3 + 6. Calculate the remainder when h is divided by f.
2
Suppose q - 3*q + 6 = 0. Suppose 2*z - 13 - 11 = -x, -q*x - z + 87 = 0. Let s = 6 - -2. What is the remainder when x is divided by s?
6
Let b = -16 + 20. Let c be (-5)/(-2)*(-2 + 26). Suppose 16 = b*y - c. What is the remainder when 56 is divided by y?
18
Suppose 2*m = -5*j + 2*j + 13, 19 = 4*j + 3*m. What is the remainder when ((-10)/(-6))/(j/15) is divided by 5/(-2)*18/(-5)?
7
Let y = 16 - 0. What is the remainder when 44 is divided by y?
12
Let n(d) = 2*d**2 - d - 4. Calculate the remainder when n(-5) is divided by 18.
15
Let k = 23 + 6. Calculate the remainder when 85 is divided by k.
27
Let w = 6 - 6. Suppose 5*k = 3*t + 34, w = -4*k - 0*k - t + 17. Suppose -k*i = -0*i - 45. Calculate the remainder when 17 is divided by i.
8
Suppose -10*c + 9*c + 13 = 0. What is the remainder when c is divided by 3?
1
Calculate the remainder when 4/(-4)*(-2 + -9) is divided by 6.
5
Let s = 11 - -36. What is the remainder when 281 is divided by s?
46
Suppose 16 = -4*h, x + 2*x = 4*h + 31. Suppose -4*d - 2 = x*g, 0*g + 3 = 3*g + d. Calculate the remainder when 22 is divided by g + 7/1 + -1.
6
Let a(y) = -y + 4. Let u be a(-8). Suppose 5*t - 8 = u, 3*t = -2*n + 32. Calculate the remainder when 28 is divided by n.
8
Let q(k) be the first derivative of -k**2/2 + 2*k + 3. Let i be q(2). Let y(t) = -t**2 + t + 13. Calculate the remainder when 25 is divided by y(i).
12
Let m(s) = s**3 + 7*s**2 + 6*s. Let x be m(-6). Let w be 20/2 - (x - 0). Suppose w = c - 0*c. What is the remainder when 18 is divided by c?
8
Let l be 1 - 0*(-1)/2. Suppose -2*k + 3 = l. What is the remainder when 2 is divided by k?
0
Calculate the remainder when 246/14 + 6/14 is divided by 4.
2
Let v(u) = u. Calculate the remainder when 17 is divided by v(5).
2
Let w be 1 + 2 - (-146)/2. Suppose 4*g - w = 3*l, 3*l = -6*g + 3*g + 57. Calculate the remainder when g is divided by (-1)/4 + 41/4.
9
Suppose 0 = -4*u + 110 + 54. What is the remainder when u is divided by 23?
18
Let x(r) = -7*r + 3. Let c be x(2). What is the remainder when c*4/((-8)/10) is divided by 19?
17
Let s(b) = b**3 - 5*b**2 + 7*b - 3. Calculate the remainder when s(4) is divided by 3.
0
Suppose 2*b = -4*z + 120, 2*b + 300 = 7*b + 5*z. What is the remainder when b is divided by 16?
12
Suppose 5*o - 342 = -67. Let d = 98 + -70. Calculate the remainder when o is divided by d.
27
Let z = 60 + -36. Suppose 0 = -3*m - 5*w + 14, -5*w - 8 = 17. Suppose -o - m = -2*o. What is the remainder when z is divided by o?
11
Let o(f) = 3*f + 47. What is the remainder when o(0) is divided by 8?
7
Let a = 16 + -6. Calculate the remainder when 27 is divided by a - (2/(-1) - -2).
7
Let k(r) = r**2 - 12*r - 3. Let h be k(11). Let w = -12 - h. Calculate the remainder when 3 is divided by w.
1
Let u(f) = f**3 + f**2 - 3*f + 2. Let g(h) = 5*h + 1. Let m be g(-1). Calculate the remainder when (-10)/m*56/10 is divided by u(2).
6
Suppose -60 = 8*t - 11*t. Suppose 0 = -4*v - 0*n + 2*n + t, -2 = n. What is the remainder when 12 is divided by v?
0
Calculate the remainder when (-4)/(48/(-75))*4 + 0 is divided by 13.
12
Let c = 39 - 75. Let j = c + 106. What is the remainder when j is divided by 18?
16
Let s be 1 + 2*1/(-2). Let i(r) = -r**2 + r - 2. Let h be i(s). Let l(o) = -o**3 + o**2 - 2*o - 3. What is the remainder when 25 is divided by l(h)?
12
Suppose -z = p + 1, -z + p = -4*p - 17. Suppose 2*c + c + o - 77 = 0, -z*o + 29 = c. Calculate the remainder when c is divided by 9.
7
Suppose -2*m + 5*m = -6. Let x(w) = -16*w - 1. Calculate the remainder when x(m) is divided by 11.
9
Let n(m) be the second derivative of m**4/12 - 7*m**3/6 - m**2 + 6*m. What is the remainder when 15 is divided by n(8)?
3
Let h be ((-4)/10)/((-2)/10). Suppose t - 2*t = -26. What is the remainder when t is divided by ((-3)/h)/((-6)/56)?
12
Suppose 4*k = -0*k - 5*f + 165, 4*k = -3*f + 171. Calculate the remainder when k is divided by 16.
13
Suppose -2*g = -3*j + g - 24, 1 = j + 2*g. Let n = -3 - j. Suppose -5*d - 4*m = -3*d - 2, -4*d = -3*m - 26. Calculate the remainder when d is divided by n.
1
Suppose 4*t - 8 = 4. Calculate the remainder when 9 is divided by t.
0
Let k(n) = -n**2 - 10*n - 11. Calculate the remainder when 8 is divided by k(-8).
3
Suppose -5 = -5*r + 5. Suppose -14 = r*q - 4*a, -3*q + 4*a - 5 = 6. Let j(b) = -2*b - 5. Calculate the remainder when j(-5) is divided by q.
2
Let w(y) = y**3 - y**2 - y + 50. Let f = -3 + 7. Suppose 9 = -0*t - 3*t, 5*x = -f*t - 12. Calculate the remainder when w(x) is divided by 17.
16
Suppose 0*w + w - 26 = r, 5*r = -3*w + 118. What is the remainder when w is divided by 17?
14
Calculate the remainder when 17 is divided by (-105)/18*3/10*-8.
3
Let m be (-10)/(-8)*(-4 + 0). Let c = -2 - m. Calculate the remainder when c is divided by 3.
0
Calculate the remainder when 62 is divided by 290/14 + (-7)/(98/(-4)).
20
Suppose -4*t = 1 - 25. Calculate the remainder when (2/(-5))/(15/75) + 24 is divided by t.
4
Suppose 5*n - 171 = -41. Calculate the remainder when n is divided by 14.
12
Suppose 3*u = 33 + 18. Let c = 324 + -291. Calculate the remainder when c is divided by u.
16
Calculate the remainder when 20 is divided by 2*(-6)/18*-15.
0
Let y(b) = b**3 - 13*b**2 - 15*b + 33. Calculate the remainder when 72 is divided by y(14).
15
Let r(u) = -u - 2. Let p be r(-6). Calculate the remainder when 17 is divided by 2/16*10*p.
2
Suppose -8 = -2*m - 2*y, -3*m = -0*m - 3*y - 42. What is the remainder when (-450)/(-27) - 4/6 is divided by m?
7
Let l = -10 + 28. Calculate the remainder when l is divided by 0 + -1 + (6 - 0).
3
Let l be (-7 - -11)*3/4. Calculate the remainder when (l/3)/(3/129) is divided by 15.
13
Suppose -4*m + 9 + 11 = 0.